{"id":325,"date":"2019-06-26T17:11:25","date_gmt":"2019-06-26T15:11:25","guid":{"rendered":"http:\/\/wp.berufskolleg-en.de\/?page_id=325"},"modified":"2023-01-18T06:07:26","modified_gmt":"2023-01-18T05:07:26","slug":"schulsozialarbeit","status":"publish","type":"page","link":"https:\/\/berufskolleg-en.de\/?page_id=325","title":{"rendered":"Schulsozialarbeit"},"content":{"rendered":"<section  class='av_textblock_section av-k16hdldz-4f76dab0d28bc92aa902baa700433af1 '   itemscope=\"itemscope\" itemtype=\"https:\/\/schema.org\/CreativeWork\" ><div class='avia_textblock'  itemprop=\"text\" >\t\t\t<div class=\"media-credit-container alignnone\"  style=\"max-width: 610px\">\n\t\t\t<img loading=\"lazy\" decoding=\"async\" class=\"size-medium wp-image-11695\" src=\"https:\/\/berufskolleg-en.de\/wp-content\/uploads\/2022\/12\/6CA53D00-346F-47AD-AEE5-7D725DC0EDEB-600x450.jpeg\" alt=\"\" width=\"600\" height=\"450\" srcset=\"https:\/\/berufskolleg-en.de\/wp-content\/uploads\/2022\/12\/6CA53D00-346F-47AD-AEE5-7D725DC0EDEB-600x450.jpeg 600w, https:\/\/berufskolleg-en.de\/wp-content\/uploads\/2022\/12\/6CA53D00-346F-47AD-AEE5-7D725DC0EDEB-1030x773.jpeg 1030w, https:\/\/berufskolleg-en.de\/wp-content\/uploads\/2022\/12\/6CA53D00-346F-47AD-AEE5-7D725DC0EDEB-768x576.jpeg 768w, https:\/\/berufskolleg-en.de\/wp-content\/uploads\/2022\/12\/6CA53D00-346F-47AD-AEE5-7D725DC0EDEB-1536x1152.jpeg 1536w, https:\/\/berufskolleg-en.de\/wp-content\/uploads\/2022\/12\/6CA53D00-346F-47AD-AEE5-7D725DC0EDEB-2048x1536.jpeg 2048w, https:\/\/berufskolleg-en.de\/wp-content\/uploads\/2022\/12\/6CA53D00-346F-47AD-AEE5-7D725DC0EDEB-1500x1125.jpeg 1500w, https:\/\/berufskolleg-en.de\/wp-content\/uploads\/2022\/12\/6CA53D00-346F-47AD-AEE5-7D725DC0EDEB-705x529.jpeg 705w\" sizes=\"auto, (max-width: 600px) 100vw, 600px\" \/><span class=\"media-credit\">Vanessa Nierlich und Dina W\u00e4lter<\/span>\t\t<\/div>\n\t\n<div class=\"csc-header csc-header-n1\">\n<h3><\/h3>\n<h3>Schulsozialarbeit am Berufskolleg Ennepetal<\/h3>\n<\/div>\n<div class=\"csc-textpic-text\">\n<p><strong>Dina W\u00e4lter<\/strong> (02333 9878-23 und<b> <\/b>0176 47948135) im Raum E111, zust\u00e4ndig f\u00fcr die Berufsschule, die Zweij\u00e4hrige Berufsfachschule und das Berufliche Gymnasium<\/p>\n<div  class='avia-button-wrap av-jysl8h7n-4165e7c11a428afe44ff531830f1ee8d-wrap avia-button-left  avia-builder-el-1  el_before_av_button  avia-builder-el-first '><a href='mailto:waelter@berufskolleg-en.de'  class='avia-button av-jysl8h7n-4165e7c11a428afe44ff531830f1ee8d av-link-btn avia-icon_select-yes-left-icon avia-size-small avia-position-left avia-color-theme-color'   aria-label=\"waelter@berufskolleg-en.de\"><span class='avia_button_icon avia_button_icon_left avia-iconfont avia-font-entypo-fontello' data-av_icon='\ue805' data-av_iconfont='entypo-fontello' ><\/span><span class='avia_iconbox_title' >waelter@berufskolleg-en.de<\/span><\/a><\/div>\n<p class=\"bodytext\"><strong>Vanessa Nierlich<\/strong> (02333 9878-38 und 0173 9314621) im Raum D005, zust\u00e4ndig f\u00fcr die Berufsfachschule, die Ausbildungsvorbereitung und die Internationalen F\u00f6rderklassen<\/p>\n<p class=\"bodytext\"><div  class='avia-button-wrap av-jysl8h7n-1-13d2f4b777d58e054e924ffc4a6214e3-wrap avia-button-left  avia-builder-el-2  el_after_av_button  avia-builder-el-last '><a href='mailto:nierlich@berufskolleg-en.de'  class='avia-button av-jysl8h7n-1-13d2f4b777d58e054e924ffc4a6214e3 av-link-btn avia-icon_select-yes-left-icon avia-size-small avia-position-left avia-color-theme-color'   aria-label=\"nierlich@berufskolleg-en.de\"><span class='avia_button_icon avia_button_icon_left avia-iconfont avia-font-entypo-fontello' data-av_icon='\ue805' data-av_iconfont='entypo-fontello' ><\/span><span class='avia_iconbox_title' >nierlich@berufskolleg-en.de<\/span><\/a><\/div><\/p>\n<p class=\"bodytext\">\n<p class=\"bodytext\"><b>M\u00f6gliche Anl\u00e4sse f\u00fcr ein Beratungsgespr\u00e4ch:<\/b><\/p>\n<ul>\n<li>Schwierigkeiten oder Konflikte im Schulalltag oder in der Ausbildung<\/li>\n<li>Schwierige pers\u00f6nliche oder famili\u00e4re Situationen\n<ul>\n<li>Stress mit den Eltern, dem Partner oder im Freundeskreis<\/li>\n<li>finanzielle Sorgen (Schulden, \u201eAuskommen mit dem Einkommen\u201c)<\/li>\n<li>gewollte oder ungewollte Schwangerschaft und Vaterschaft<\/li>\n<li>Gewalt<\/li>\n<li>gesundheitliche Probleme (Sucht, Essst\u00f6rung)<\/li>\n<\/ul>\n<\/li>\n<li>Fragen zur beruflichen Zukunft und Orientierung<\/li>\n<li>Fragen zum Thema Integration<\/li>\n<li>Fragen zum Umgang mit Beh\u00f6rden<\/li>\n<li>Mobbing<\/li>\n<\/ul>\n<p class=\"bodytext\"><b>Unser Angebot:<\/b><\/p>\n<ul>\n<li>Informationen<\/li>\n<li>Beratung im Einzelkontakt oder mit mehreren Personen<\/li>\n<li>Gespr\u00e4che mit Eltern, Ausbildern und Betreuern<\/li>\n<li>Gruppenarbeit und Projekte mit Sch\u00fclerinnen und Sch\u00fclern<\/li>\n<li>Unterst\u00fctzung der Sch\u00fclerinnen und Sch\u00fcler der Internationalen F\u00f6rderklassen<\/li>\n<\/ul>\n<\/div>\n<\/div><\/section>\n","protected":false},"excerpt":{"rendered":"","protected":false},"author":1,"featured_media":0,"parent":0,"menu_order":0,"comment_status":"closed","ping_status":"closed","template":"","meta":{"footnotes":""},"class_list":["post-325","page","type-page","status-publish","hentry"],"publishpress_future_action":{"enabled":false,"date":"2026-05-23 20:34:04","action":"change-status","newStatus":"draft","terms":[],"taxonomy":"","extraData":[]},"publishpress_future_workflow_manual_trigger":{"enabledWorkflows":[]},"_links":{"self":[{"href":"https:\/\/berufskolleg-en.de\/index.php?rest_route=\/wp\/v2\/pages\/325","targetHints":{"allow":["GET"]}}],"collection":[{"href":"https:\/\/berufskolleg-en.de\/index.php?rest_route=\/wp\/v2\/pages"}],"about":[{"href":"https:\/\/berufskolleg-en.de\/index.php?rest_route=\/wp\/v2\/types\/page"}],"author":[{"embeddable":true,"href":"https:\/\/berufskolleg-en.de\/index.php?rest_route=\/wp\/v2\/users\/1"}],"replies":[{"embeddable":true,"href":"https:\/\/berufskolleg-en.de\/index.php?rest_route=%2Fwp%2Fv2%2Fcomments&post=325"}],"version-history":[{"count":15,"href":"https:\/\/berufskolleg-en.de\/index.php?rest_route=\/wp\/v2\/pages\/325\/revisions"}],"predecessor-version":[{"id":11731,"href":"https:\/\/berufskolleg-en.de\/index.php?rest_route=\/wp\/v2\/pages\/325\/revisions\/11731"}],"wp:attachment":[{"href":"https:\/\/berufskolleg-en.de\/index.php?rest_route=%2Fwp%2Fv2%2Fmedia&parent=325"}],"curies":[{"name":"wp","href":"https:\/\/api.w.org\/{rel}","templated":true}]}}